ded by 15.
13
What is the remainder when 76 is divided by 8?
4
Calculate the remainder when 71 is divided by 27.
17
Calculate the remainder when 52 is divided by 21.
10
What is the remainder when 8277 is divided by 23?
20
Calculate the remainder when 475 is divided by 159.
157
What is the remainder when 110 is divided by 29?
23
Calculate the remainder when 146 is divided by 33.
14
What is the remainder when 25 is divided by 12?
1
Calculate the remainder when 743 is divided by 93.
92
Calculate the remainder when 1071 is divided by 90.
81
What is the remainder when 3609 is divided by 52?
21
Calculate the remainder when 30 is divided by 29.
1
Calculate the remainder when 234 is divided by 204.
30
Calculate the remainder when 8720 is divided by 57.
56
What is the remainder when 2099 is divided by 2099?
0
What is the remainder when 551 is divided by 51?
41
Calculate the remainder when 412 is divided by 125.
37
Calculate the remainder when 294 is divided by 40.
14
What is the remainder when 195 is divided by 34?
25
What is the remainder when 4022 is divided by 79?
72
What is the remainder when 489 is divided by 70?
69
Calculate the remainder when 2556 is divided by 8.
4
Calculate the remainder when 662 is divided by 31.
11
What is the remainder when 772 is divided by 382?
8
Calculate the remainder when 166 is divided by 13.
10
What is the remainder when 1957 is divided by 37?
33
Calculate the remainder when 73152 is divided by 191.
190
What is the remainder when 500 is divided by 24?
20
What is the remainder when 1778 is divided by 18?
14
Calculate the remainder when 111 is divided by 32.
15
What is the remainder when 2936 is divided by 1466?
4
Calculate the remainder when 7803 is divided by 35.
33
Calculate the remainder when 52 is divided by 14.
10
Calculate the remainder when 479 is divided by 117.
11
What is the remainder when 63 is divided by 16?
15
What is the remainder when 80 is divided by 22?
14
What is the remainder when 977 is divided by 98?
95
Calculate the remainder when 40 is divided by 2.
0
What is the remainder when 29085 is divided by 24?
21
What is the remainder when 1375 is divided by 106?
103
Calculate the remainder when 461 is divided by 223.
15
Calculate the remainder when 101 is divided by 48.
5
Calculate the remainder when 539 is divided by 12.
11
What is the remainder when 3191 is divided by 24?
23
Calculate the remainder when 69 is divided by 12.
9
What is the remainder when 4444 is divided by 78?
76
What is the remainder when 135 is divided by 42?
9
What is the remainder when 5194 is divided by 2591?
12
What is the remainder when 13569 is divided by 22?
17
Calculate the remainder when 6423 is divided by 34.
31
What is the remainder when 1524 is divided by 65?
29
Calculate the remainder when 235 is divided by 79.
77
What is the remainder when 39 is divided by 10?
9
Calculate the remainder when 2924 is divided by 9.
8
Calculate the remainder when 1205 is divided by 136.
117
What is the remainder when 1063 is divided by 56?
55
What is the remainder when 2675 is divided by 47?
43
What is the remainder when 1142 is divided by 91?
50
Calculate the remainder when 65 is divided by 17.
14
Calculate the remainder when 1119 is divided by 12.
3
What is the remainder when 476 is divided by 33?
14
Calculate the remainder when 92123 is divided by 12.
11
Calculate the remainder when 3484 is divided by 21.
19
What is the remainder when 2586 is divided by 41?
3
Calculate the remainder when 414 is divided by 104.
102
Calculate the remainder when 4045 is divided by 44.
41
What is the remainder when 528 is divided by 102?
18
What is the remainder when 576 is divided by 73?
65
Calculate the remainder when 1288 is divided by 168.
112
What is the remainder when 78 is divided by 41?
37
What is the remainder when 11637 is divided by 24?
21
Calculate the remainder when 381 is divided by 162.
57
Calculate the remainder when 1173 is divided by 60.
33
Calculate the remainder when 48 is divided by 10.
8
Calculate the remainder when 1639 is divided by 545.
4
Calculate the remainder when 214 is divided by 36.
34
What is the remainder when 1650 is divided by 46?
40
Calculate the remainder when 65 is divided by 21.
2
Calculate the remainder when 360 is divided by 31.
19
What is the remainder when 7300 is divided by 83?
79
What is the remainder when 213 is divided by 50?
13
What is the remainder when 64 is divided by 16?
0
Calculate the remainder when 357 is divided by 59.
3
Calculate the remainder when 266 is divided by 10.
6
What is the remainder when 795 is divided by 25?
20
What is the remainder when 3537 is divided by 13?
1
What is the remainder when 289 is divided by 71?
5
Calculate the remainder when 702 is divided by 250.
202
What is the remainder when 159 is divided by 70?
19
Calculate the remainder when 14247 is divided by 30.
27
Calculate the remainder when 42 is divided by 10.
2
What is the remainder when 576 is divided by 150?
126
Calculate the remainder when 1406 is divided by 101.
93
What is the remainder when 55 is divided by 9?
1
Calculate the remainder when 2113 is divided by 301.
6
What is the remainder when 51 is divided by 13?
12
Calculate the remainder when 281 is divided by 57.
53
Calculate the remainder when 312 is divided by 21.
18
Calculate the remainder when 604 is divided by 41.
30
What is the remainder when 125 is divided by 23?
10
Calculate the remainder when 1077 is divided by 90.
87
Calculate the remainder when 204 is divided by 145.
59
What is the remainder when 1068 is divided by 529?
10
What is the remainder when 41 is divided by 28?
13
Calculate the remainder when 101 is divided by 28.
17
What is the remainder when 98 is divided by 25?
23
Calculate the remainder when 1168 is divided by 379.
31
Calculate the remainder when 498 is divided by 101.
94
What is the remainder when 194 is divided by 69?
56
What is the remainder when 13081 is divided by 21?
19
What is the remainder when 102 is divided by 15?
12
What is the remainder when 2620 is divided by 138?
136
Calculate the remainder when 288 is divided by 54.
18
What is the remainder when 1217 is divided by 72?
65
Calculate the remainder when 127 is divided by 10.
7
Calculate the remainder when 2734 is divided by 33.
28
Calculate the remainder when 314 is divided by 63.
62
Calculate the remainder when 371 is divided by 13.
7
What is the remainder when 24252 is divided by 64?
60
Calculate the remainder when 1901 is divided by 17.
14
Calculate the remainder when 751 is divided by 29.
26
Calculate the remainder when 131 is divided by 32.
3
What is the remainder when 898 is divided by 29?
28
Calculate the remainder when 5168 is divided by 94.
92
Calculate the remainder when 7392 is divided by 274.
268
Calculate the remainder when 836 is divided by 56.
52
Calculate the remainder when 576 is divided by 172.
60
What is the remainder when 165 is divided by 40?
5
What is the remainder when 735 is divided by 16?
15
What is the remainder when 131 is divided by 6?
5
Calculate the remainder when 251 is divided by 67.
50
Calculate the remainder when 651 is divided by 65.
1
Calculate the remainder when 294 is divided by 33.
30
Calculate the remainder when 324 is divided by 9.
0
What is the remainder when 575 is divided by 62?
17
What is the remainder when 120 is divided by 31?
27
What is the remainder when 112 is divided by 31?
19
What is the remainder when 527 is divided by 53?
50
Calculate the remainder when 9497 is divided by 38.
35
Calculate the remainder when 48 is divided by 34.
14
What is the remainder when 306 is divided by 31?
27
What is the remainder when 704 is divided by 103?
86
What is the remainder when 359 is divided by 12?
11
What is the remainder when 175 is divided by 19?
4
Calculate the remainder when 312 is divided by 13.
0
What is the remainder when 263 is divided by 54?
47
What is the remainder when 430 is divided by 115?
85
What is the remainder when 53 is divided by 38?
15
Calculate the remainder when 278 is divided by 11.
3
What is the remainder when 269 is divided by 128?
13
What is the remainder when 442 is divided by 90?
82
Calculate the remainder when 30079 is divided by 128.
127
What is the remainder when 218 is divided by 37?
33
Calculate the remainder wh